-24))/(12/5008) is divided by 81?
70
Let c(i) = -i - 11. Let n be c(-13). Suppose -n*p + 0*p = -2*f + 64, 0 = -4*f - p + 123. Let j = -3 + 11. Calculate the remainder when f is divided by j.
7
Suppose 2*g + 23 - 15 = 0. Let a = g + 6. Calculate the remainder when ((-8)/6)/((-2)/3) is divided by a.
0
Let m = 12 + -10. Suppose 0 = -2*u - m*w, 2*u + 0*w = -w + 3. Suppose v - u*v = -58. Calculate the remainder when v is divided by 16.
13
Suppose 4*q - 18 = 26. Let n = -66 + 328. Suppose 5*b - l = n, -b - 2*b + 2*l = -160. What is the remainder when b is divided by q?
8
Let f be (1 - 6) + (-2528)/(-4). Suppose -2*o + 2*y = -314, 4*o - y - f = 4*y. What is the remainder when o is divided by 23?
20
Let u(w) = -w - 7. Let s be u(-9). Suppose 17 = s*o + 7. Suppose -o*x - 19 = -124. What is the remainder when x is divided by 12?
9
Let t(s) = -2*s**3 - s**2 + 3*s + 4. Let w = 11 - 13. What is the remainder when 37 is divided by t(w)?
7
Suppose 0 = -2*p + 6 - 0. Let i = p + 76. What is the remainder when i is divided by (261/145)/((-1)/(-15))?
25
Let d(o) = o**2 - 11*o - 22. Suppose -15 = 5*b, -32 + 74 = -5*g - 4*b. Calculate the remainder when d(g) is divided by 17.
12
Let j = -135 + 366. Let w(d) = -d**3 + 10*d**2 - 7*d. What is the remainder when j is divided by w(9)?
15
Suppose 26*o = 3462 + 48. Calculate the remainder when o is divided by 110.
25
Let g = 1016 + -962. What is the remainder when 914 is divided by g?
50
Let k(z) = -30*z - 141. What is the remainder when k(-8) is divided by 3?
0
Let t(w) = -w**2 - 26*w - 94. What is the remainder when t(-6) is divided by 9?
8
Calculate the remainder when -3 - (-210)/((-3)/(-1)) is divided by -5 + 2 - (-5 - 12).
11
Suppose -3*p - 233 = -2*u + 2*p, 396 = 4*u + 4*p. Suppose 2*m + 72 = 2*c, -c - 3*m + 36 = -0*c. What is the remainder when u is divided by c?
32
Suppose y - 4*a - 55 = 0, -y - y = -5*a - 95. Suppose -7 = 7*j - y. Calculate the remainder when 15 is divided by j.
3
Let z be 2*3*(-1)/2. Calculate the remainder when 55 is divided by z + 17/(6 + -5).
13
Calculate the remainder when 188 is divided by (-123)/(-2) - 99/66.
8
Suppose -4*w + j + 13 = 0, 4*w = 2*j + 11 - 1. Suppose -4*x + 331 = x + 2*a, -w*a - 53 = -x. What is the remainder when x is divided by 23?
19
Calculate the remainder when 108 is divided by (2 - 3) + 2*(1 - -27).
53
Suppose 0 = -4*b - b - 35. Let z be 4/6*-3 - b. What is the remainder when 38 is divided by (-2 - 0)*(-5 - z)?
18
Let m(n) = -4*n + 6. Let s(g) = -45*g + 17 + 34*g + 0. Let f(a) = 8*m(a) - 3*s(a). Calculate the remainder when 3 is divided by f(4).
0
Let v(h) = h + 5. Calculate the remainder when 82 is divided by v(32).
8
Let m = -52 + 52. Let w(f) = -3*f**3 + f**2 - f + 30. What is the remainder when w(m) is divided by 17?
13
Let x(f) be the third derivative of f**5/60 - f**4/12 + f**3/2 - 19*f**2. Let d = 3 + 0. What is the remainder when x(3) is divided by d?
0
Let w = 52 + -41. Suppose w*h = -819 + 2205. Calculate the remainder when h is divided by 33.
27
Suppose 142 = 5*v - 108. What is the remainder when v is divided by 2/4 - 912/(-32)?
21
Let z(j) = -j**3 + 3*j**2 + 4*j - 5. Let d be z(3). Calculate the remainder when 0 - ((-3 - -4)*d)/(-1) is divided by 4.
3
Let b(c) = -2*c + 4 - 3*c**3 + 10*c + 4*c**3 + 9*c**2 + 0. Let h be b(-8). Suppose -h*l - 1 + 21 = 0. What is the remainder when 12 is divided by l?
2
Let y = 1 + 152. Suppose 0 = 2*c + w - 97, 7*w - y = -3*c + 4*w. Let i = -33 + c. What is the remainder when 38 is divided by i?
12
Let r = -28 + 17. Let m(h) = -h + 4. What is the remainder when (-115)/(-4) + 1/4 is divided by m(r)?
14
What is the remainder when 472 is divided by -4 - 0 - -17 - 1 - -5?
13
Let i(l) = -8*l + 4. Let f be i(1). Calculate the remainder when (-752)/(-32) - (-6)/f is divided by 7.
1
Let z(b) = -51*b - 34. Let d be z(-6). Calculate the remainder when d/(-85) - 2/(-10) - -137 is divided by 34.
32
Suppose -5*h + 10*h - 165 = 0. Let d(c) = -c - 1. Let f be d(-4). Suppose f*b + 6 = 33. What is the remainder when h is divided by b?
6
Let t(w) = -15*w + 2. Suppose -5*i - 4*l + 2*l = -124, -5*i + 2*l + 116 = 0. Suppose 0*x + 4*x - i = 0. Calculate the remainder when t(-1) is divided by x.
5
Suppose 33*p - 26*p = 252. Suppose -2*f = -3*f + 138. What is the remainder when f is divided by p?
30
Suppose -4*t = 3*v - 26 - 10, t - 28 = 4*v. Calculate the remainder when 26 is divided by t.
2
Let y(c) = -c**3 + 3*c**2 - 3*c - 19. What is the remainder when 167 is divided by y(-3)?
35
Let t(h) = -1. Let n(d) = 4*d. Let u(o) = -n(o) + 8*t(o). What is the remainder when u(-18) is divided by 22?
20
Calculate the remainder when (-10)/(-4) - (-5622)/12 is divided by 95.
91
Let z = 19 - 7. Let d(s) = -s**3 - 11*s**2 - 13*s - 5. Let q be d(-7). Let i = -91 - q. What is the remainder when i is divided by z?
7
Suppose -2*h - 5 = -5*k, -h + 2*k - 1 = 1. Let s(t) = -t + 1. Let o be s(4). Let v = h - o. What is the remainder when 5 is divided by v?
2
Let w(m) = m + 198. Let o be w(0). Suppose -10*i - i = -o. Calculate the remainder when i is divided by 7.
4
Suppose -7 = -f + 16. Calculate the remainder when f is divided by 6.
5
Suppose 27*w - 396 - 738 = 0. Suppose 0*d - 3*b + 24 = -2*d, -b = -4*d - 28. Calculate the remainder when w is divided by 47/3 - d/(-9).
12
Suppose 5*p + 177 = 3*f + 8*p, -3*p + 120 = 2*f. Calculate the remainder when 337 is divided by f.
52
Let q(p) be the second derivative of p**5/20 + p**4/3 - p**3/3 - 5*p**2/2 + 4*p. Suppose -3 = -5*a + 42. Calculate the remainder when a is divided by q(-4).
0
Let b = -3 + 1. What is the remainder when 50 is divided by (b - -1)/(((-2)/(-52))/(-1))?
24
Suppose -52 - 16 = -w. Let j(v) = v**2 - v - 24. Let t be 0 + 3 - (-4 + 0). Calculate the remainder when w is divided by j(t).
14
Calculate the remainder when 3*(-24)/(-7 + 3) + 1 is divided by 12.
7
Let h = -146 + 145. Let y(i) = -63*i**3 + 2*i + 1. Calculate the remainder when y(h) is divided by 4*(26/(-8))/(-1).
10
Let g = 806 - 703. Calculate the remainder when g is divided by 30.
13
Let p = 38 - 18. Suppose p = 2*k - 22. Calculate the remainder when 83 is divided by k.
20
Suppose 2*t - f - 89 = 0, -117 - 46 = -4*t - f. Let i = -17 + t. What is the remainder when 74 is divided by i?
24
Let f(a) be the second derivative of 0 - 2*a**2 + 5/3*a**3 + a. What is the remainder when f(5) is divided by 12?
10
Let z be (-10)/(-25) + 969/15. Let o = 120 - z. What is the remainder when o is divided by 29?
26
Let s = 656 + -375. Calculate the remainder when s is divided by 59.
45
Suppose r - 5 = -2. Suppose -12*u + 1095 = 1059. Calculate the remainder when r is divided by u.
0
Let c = 138 + -81. Let b(a) = -a**3 + 6*a**2 - 3*a - 5. Let l be b(5). Suppose 0 = l*z - 33 - 42. What is the remainder when c is divided by z?
12
Let v = 0 - -4. Suppose 3*q - v = 2. Suppose q*d = -0*d + 20. What is the remainder when 19 is divided by d?
9
Suppose 3*u - 8 - 10 = 0. Let c(k) = -178*k - 131. What is the remainder when c(-1) is divided by u?
5
Let j = -251 - -401. Let r be (-2 - 1)*j/18. What is the remainder when 5/r - 236/(-5) is divided by 12?
11
Let s(n) = n**2 - 2. Let a be s(-6). Suppose a = 5*f + 14. Suppose -f*o - o + 310 = 0. What is the remainder when o is divided by 21?
20
Let d = -8 + 112. Suppose -u + 0*u + d = 0. What is the remainder when u is divided by 35?
34
Suppose 0 = 14*s - 19*s - 3*j + 58, 0 = 4*s - 3*j - 41. Suppose 2*x - y - 108 = 0, 91 + 64 = 3*x + 2*y. Calculate the remainder when x is divided by s.
9
Let x = 9 + -7. Suppose x*r - 182 = -3*t, -62 = -t + 4*r - 5*r. What is the remainder when t is divided by 20?
18
Let s = 11 + -9. Suppose 4*u - s*h = -138, -2*u + 2*h - 64 = 4. Let i = 58 + u. What is the remainder when i is divided by 6?
5
Let p(l) = -9*l. Let i be p(-1). Let s be ((-88)/(-6))/(i/(-54)). Let a = 135 + s. What is the remainder when a is divided by 12?
11
Suppose -a - 282 = -3*a. What is the remainder when a is divided by 2 + 1 + 8 + 7?
15
Let b(d) = d + 2. Let q(u) = u**3 - 10*u**2 + 14*u - 38. What is the remainder when b(7) is divided by q(9)?
2
Let m(k) = k - 9. Let z be m(-5). Let d(x) = 30 + 4*x + 0*x + 2*x - 5*x. Calculate the remainder when d(z) is divided by 5.
1
Let x(v) = 7*v - 29. What is the remainder when 38 is divide